{"id":147,"date":"2011-01-08T15:13:04","date_gmt":"2011-01-08T13:13:04","guid":{"rendered":"https:\/\/www.freydis.de\/wordpress\/?page_id=147"},"modified":"2020-10-23T12:05:43","modified_gmt":"2020-10-23T11:05:43","slug":"skipper","status":"publish","type":"page","link":"https:\/\/www.freydis.de\/wordpress\/skipper\/","title":{"rendered":"Die Skipper"},"content":{"rendered":"<p><a href=\"https:\/\/www.freydis.de\/bilder\/2011\/01\/Heide Erich Wilts-3.jpg\" rel=\"lightbox\"><img decoding=\"async\" src=\"https:\/\/www.freydis.de\/bilder\/2011\/01\/Heide Erich Wilts-2.jpg\" alt=\"Die Skipper: Heide und Erich Wilts\" align=\"left\" border=\"0\" \/><\/a><big><b>Erich Wilts\u2026<\/b><\/big><\/p>\n<p>\u2026Dipl.-Kaufmann, geb. 1942 in L\u00fcbeck, wuchs in Leer\/Ostfriesland auf. Nach dem Studium in Hamburg war er 23 Jahre in der freien Wirtschaft t\u00e4tig, die letzten sieben Jahre als Gesch\u00e4ftsf\u00fchrer eines Einkaufs- und Marketingverbundes in D\u00fcsseldorf.<\/p>\n<p><big>S<\/big>egeln von Kindesbeinen an, als Sch\u00fcler mit seiner eigenen gaffelgetakelten Holzjolle auf Ems und Dollart. Das Hochseesegeln erlernte er w\u00e4hrend des Studiums von der Pike auf den damals motorlosen Yachten &#8222;HAMBURG&#8220; und &#8222;ORTAC&#8220; des 1903 von Albert Ballin ins Leben gerufenen &#8222;Hamburgischen Vereins Seefahrt&#8220;. Seine Leidenschaft f\u00fcr abenteuerliches Segeln in hohen Breiten entdeckte er 1964 auf seiner ersten Reise rund Island als Crew der Oldtimer Rennyacht &#8222;ORTAC&#8220; . 1965 Crewmitglied im ersten deutschen Team beim Segeln um den &#8222;Admiral&#8217;s Cup&#8220; im \u00c4rmelkanal.<\/p>\n<p><big><b>\u2026und Dr. Heide Wilts\u2026<\/b><\/big><\/p>\n<p>\u20261942 in Stuttgart geboren, wuchs in Deutschland und S\u00fcdamerika auf und ist \u00c4rztin f\u00fcr Allgemeinmedizin und Radiologie. Seit 40 Jahren segelt sie mit ihrem Mann Erich in die extremsten Gebiete der Erde. Ihre Freude am Segeln, an urspr\u00fcnglicher Natur mit ihren wildlebenden Tieren, aber auch die mit solchen Reisen verbundenen Strapazen, Gefahren und \u00c4ngste spiegeln sich lebhaft in ihren spannenden Reportagen und B\u00fcchern wider.<\/p>\n<p><big>I<\/big>nternational bekannt wurde die Autorin <a href=\"https:\/\/www.freydis.de\/wordpress\/buecher\/\">durch ihre B\u00fccher<\/a>. Zusammen mit ihrem Mann verfasste sie auch <a href=\"https:\/\/www.freydis.de\/wordpress\/buecher\/bildbaende\/\">vier gro\u00dfformatige Bildb\u00e4nde<\/a>.<\/p>\n<p><big><b>Gemeinsam\u2026<\/b><\/big><\/p>\n<p>\u2026zog es Erich Wilts zusammen mit seiner Frau Heide auf Urlaubst\u00f6rns mit ihrer Yacht FREYDIS zun\u00e4chst immer wieder in die Gew\u00e4sser von Island, Gr\u00f6nland und Spitzbergen. Der erste Vorsto\u00df in die Antarktis erfolgte 1981\/82.<\/p>\n<p><big>S<\/big>eit 1990 haben sie sich ganz der Segelei verschrieben und sind seitdem ausnahmslos gemeinsam auf den Weltmeeren unterwegs. Ihre Reisen dokumentiert Heide Wilts in ihren zahlreichen Reiseb\u00fcchern und Erich Wilts in au\u00dfergew\u00f6hnlichen Fotos. Seine Bilder erschienen unter anderem in GEO, Stern, Life, Times, Le Figaro, Terres Sauvages, No Limits und zahlreichen Segelzeitschriften des In- und Auslands. F\u00fcr seine Bilder wurde er in Mailand mit dem internationalen Fotopreis Marian Skubin\/No Limits Award ausgezeichnet.<\/p>\n<hr \/>\n<p><b>Links:<\/b><\/p>\n<ul>\n<li>Die Geschichte der Wilts und ihrer \u201cFreydis\u201d: <a href=\"http:\/\/segelreporter.com\/blogs\/langfahrtsegler-die-geschichte-der-wilts-und-ihrer-freydis\/\">Amphibisches Leben<\/a> (2013-12-09)<\/li>\n<li>MARE: <a href=\"https:\/\/www.freydis.de\/wordpress\/skipper\/die-anziehungskraft-des-schwer-erreichbaren\/\">Die Anziehungskraft des schwer Erreichbaren<\/a><\/li>\n<li>Heide &amp; Erich in <a href=\"http:\/\/de.wikipedia.org\/wiki\/Erich_Wilts\">Wikipedia<\/a><\/li>\n<li><a href=\"https:\/\/www.freydis.de\/wordpress\/skipper\/mehr-uber-heide-erich-wilts\/\">Mehr \u00fcber Heide &amp; Erich Wilts\u2026<\/a><\/li>\n<li><a href=\"https:\/\/www.freydis.de\/wordpress\/skipper\/zeittafel\/\">Die Reisen 1981\u2013heute<\/a><\/li>\n<li><a href=\"https:\/\/www.freydis.de\/wordpress\/veroeffentlichungen\/reiseberichte\/die-unendliche-reise\/\">Die unendliche Reise<\/a> :: GEO-Portrait<\/li>\n<li><a href=\"https:\/\/www.freydis.de\/wordpress\/skipper\/segellaufbahn\/\">Segellaufbahn | T\u00f6rns und Reisen 1962\u2013heute<\/a><\/li>\n<\/ul>\n\n\n<p><\/p>\n","protected":false},"excerpt":{"rendered":"<p>Erich Wilts\u2026 \u2026Dipl.-Kaufmann, geb. 1942 in L\u00fcbeck, wuchs in Leer\/Ostfriesland auf. Nach dem Studium in Hamburg war er 23 Jahre in der freien Wirtschaft t\u00e4tig, die letzten sieben Jahre als Gesch\u00e4ftsf\u00fchrer eines Einkaufs- und Marketingverbundes in D\u00fcsseldorf. Segeln von Kindesbeinen &hellip; <a href=\"https:\/\/www.freydis.de\/wordpress\/skipper\/\">Weiterlesen <span class=\"meta-nav\">&rarr;<\/span><\/a><\/p>\n","protected":false},"author":3,"featured_media":0,"parent":0,"menu_order":50,"comment_status":"closed","ping_status":"open","template":"","meta":{"footnotes":""},"class_list":["post-147","page","type-page","status-publish","hentry"],"jetpack_sharing_enabled":true,"_links":{"self":[{"href":"https:\/\/www.freydis.de\/wordpress\/wp-json\/wp\/v2\/pages\/147","targetHints":{"allow":["GET"]}}],"collection":[{"href":"https:\/\/www.freydis.de\/wordpress\/wp-json\/wp\/v2\/pages"}],"about":[{"href":"https:\/\/www.freydis.de\/wordpress\/wp-json\/wp\/v2\/types\/page"}],"author":[{"embeddable":true,"href":"https:\/\/www.freydis.de\/wordpress\/wp-json\/wp\/v2\/users\/3"}],"replies":[{"embeddable":true,"href":"https:\/\/www.freydis.de\/wordpress\/wp-json\/wp\/v2\/comments?post=147"}],"version-history":[{"count":37,"href":"https:\/\/www.freydis.de\/wordpress\/wp-json\/wp\/v2\/pages\/147\/revisions"}],"predecessor-version":[{"id":6299,"href":"https:\/\/www.freydis.de\/wordpress\/wp-json\/wp\/v2\/pages\/147\/revisions\/6299"}],"wp:attachment":[{"href":"https:\/\/www.freydis.de\/wordpress\/wp-json\/wp\/v2\/media?parent=147"}],"curies":[{"name":"wp","href":"https:\/\/api.w.org\/{rel}","templated":true}]}}