{"id":2226,"date":"2015-11-30T12:50:16","date_gmt":"2015-11-30T11:50:16","guid":{"rendered":"https:\/\/www.freydis.de\/wordpress\/?page_id=2226"},"modified":"2017-03-30T18:18:16","modified_gmt":"2017-03-30T17:18:16","slug":"die-freydis","status":"publish","type":"page","link":"https:\/\/www.freydis.de\/wordpress\/die-freydis\/","title":{"rendered":"Die Freydis"},"content":{"rendered":"<h3>Namensgebung<\/h3>\n<p><big>U<\/big>nsere F<small style=\"text-transform: uppercase;\">reydis<\/small> hat ihren Namen von der <a href=\"http:\/\/de.wikipedia.org\/wiki\/Freydis\">Tochter des Wikingers Erich des Roten<\/a>, der Gr\u00f6nland entdeckt und benannt hat. Freydis gelangte als erste Frau um das Jahr 1000 n. Chr. als Haupt der 5. Wikinger-Expedition nach Amerika. Eingegangen in die Geschichte ist sie nicht nur durch diese Pioniertat, sondern auch durch die Art, in der das Teufelsweib Streit an Bord &#8222;auf ihre Weise&#8220; schlichtete, indem sie &#8222;einer germanischen Racheg\u00f6ttin gleich &#8230; zun\u00e4chst ihre beiden isl\u00e4ndischen Gef\u00e4hrten, sodann das gesamte weibliche Ensemble mit der Axt erschlug &#8230;&#8220; (zitiert aus &#8222;Die Wikinger &#8211; Saga&#8220; von R. P\u00f6rtner).<\/p>\n<p><big>B<\/big>leibt nur anzumerken, dass wir heutzutage auf der F<small style=\"text-transform: uppercase;\">reydis<\/small> nur sehr selten Streit haben und das wir die Methoden, diesen beizulegen, doch sehr verfeinert haben mit Strafabbacken, schlimmstenfalls &#8222;Kielholen&#8220;, Aufkn\u00fcpfen an der Rah und anderen wirkungsvollen Mitteln.<\/p>\n<h3>Havarie der F<small style=\"text-transform: uppercase;\">reydis<\/small> II<\/h3>\n<p>15. September 2011: F<small style=\"text-transform: uppercase;\">reydis<\/small> II, auf die sich die nachfolgenden Angaben beziehen, havarierte in Folge des Erdbebens und Tsumamis am 16. M\u00e4rz 2011 in Japan.<\/p>\n<h3>Die neue F<small style=\"text-transform: uppercase;\">reydis<\/small> III&#8230;<\/h3>\n<p>\u2026liegt derzeit zum Ausbau in D\u00fcren und soll 2012 in See stechen. Hierzu existieren bereits <a href=\"https:\/\/www.freydis.de\/wordpress\/?page_id=953\">die T\u00f6rnpl\u00e4ne<\/a> und\u00a0eine eigene <a href=\"https:\/\/www.freydis.de\/wordpress\/?page_id=969\">neue Unterseite der F<small style=\"text-transform: uppercase;\">reydis<\/small> III<\/a>.<\/p>\n<p><i>Nachtrag: <\/i>Am 14. Juli 2012 stach die F<small style=\"text-transform: uppercase;\">reydis<\/small> III zu ihrer ersten Langfahrt in See. Es ist die achte Weltumseglung der Wilts. Die aktuelle Position der F<small style=\"text-transform: uppercase;\">reydis<\/small> finden Sie stets <a href=\"https:\/\/www.freydis.de\/wo_freydis.htm\">hier<\/a>.<\/p>\n","protected":false},"excerpt":{"rendered":"<p>Namensgebung Unsere Freydis hat ihren Namen von der Tochter des Wikingers Erich des Roten, der Gr\u00f6nland entdeckt und benannt hat. Freydis gelangte als erste Frau um das Jahr 1000 n. Chr. als Haupt der 5. Wikinger-Expedition nach Amerika. Eingegangen in &hellip; <a href=\"https:\/\/www.freydis.de\/wordpress\/die-freydis\/\">Weiterlesen <span class=\"meta-nav\">&rarr;<\/span><\/a><\/p>\n","protected":false},"author":5,"featured_media":0,"parent":0,"menu_order":40,"comment_status":"closed","ping_status":"closed","template":"","meta":{"footnotes":""},"class_list":["post-2226","page","type-page","status-publish","hentry"],"jetpack_sharing_enabled":true,"_links":{"self":[{"href":"https:\/\/www.freydis.de\/wordpress\/wp-json\/wp\/v2\/pages\/2226","targetHints":{"allow":["GET"]}}],"collection":[{"href":"https:\/\/www.freydis.de\/wordpress\/wp-json\/wp\/v2\/pages"}],"about":[{"href":"https:\/\/www.freydis.de\/wordpress\/wp-json\/wp\/v2\/types\/page"}],"author":[{"embeddable":true,"href":"https:\/\/www.freydis.de\/wordpress\/wp-json\/wp\/v2\/users\/5"}],"replies":[{"embeddable":true,"href":"https:\/\/www.freydis.de\/wordpress\/wp-json\/wp\/v2\/comments?post=2226"}],"version-history":[{"count":8,"href":"https:\/\/www.freydis.de\/wordpress\/wp-json\/wp\/v2\/pages\/2226\/revisions"}],"predecessor-version":[{"id":2246,"href":"https:\/\/www.freydis.de\/wordpress\/wp-json\/wp\/v2\/pages\/2226\/revisions\/2246"}],"wp:attachment":[{"href":"https:\/\/www.freydis.de\/wordpress\/wp-json\/wp\/v2\/media?parent=2226"}],"curies":[{"name":"wp","href":"https:\/\/api.w.org\/{rel}","templated":true}]}}

<h3>Namensgebung</h3>
<p><big>U</big>nsere F<small style="text-transform: uppercase;">reydis</small> hat ihren Namen von der <a href="http://de.wikipedia.org/wiki/Freydis">Tochter des Wikingers Erich des Roten</a>, der Grönland entdeckt und benannt hat. Freydis gelangte als erste Frau um das Jahr 1000 n. Chr. als Haupt der 5. Wikinger-Expedition nach Amerika. Eingegangen in die Geschichte ist sie nicht nur durch diese Pioniertat, sondern auch durch die Art, in der das Teufelsweib Streit an Bord &#8222;auf ihre Weise&#8220; schlichtete, indem sie &#8222;einer germanischen Rachegöttin gleich &#8230; zunächst ihre beiden isländischen Gefährten, sodann das gesamte weibliche Ensemble mit der Axt erschlug &#8230;&#8220; (zitiert aus &#8222;Die Wikinger &#8211; Saga&#8220; von R. Pörtner).</p>
<p><big>B</big>leibt nur anzumerken, dass wir heutzutage auf der F<small style="text-transform: uppercase;">reydis</small> nur sehr selten Streit haben und das wir die Methoden, diesen beizulegen, doch sehr verfeinert haben mit Strafabbacken, schlimmstenfalls &#8222;Kielholen&#8220;, Aufknüpfen an der Rah und anderen wirkungsvollen Mitteln.</p>
<h3>Havarie der F<small style="text-transform: uppercase;">reydis</small> II</h3>
<p>15. September 2011: F<small style="text-transform: uppercase;">reydis</small> II, auf die sich die nachfolgenden Angaben beziehen, havarierte in Folge des Erdbebens und Tsumamis am 16. März 2011 in Japan.</p>
<h3>Die neue F<small style="text-transform: uppercase;">reydis</small> III&#8230;</h3>
<p>…liegt derzeit zum Ausbau in Düren und soll 2012 in See stechen. Hierzu existieren bereits <a href="https://www.freydis.de/wordpress/?page_id=953">die Törnpläne</a> und eine eigene <a href="https://www.freydis.de/wordpress/?page_id=969">neue Unterseite der F<small style="text-transform: uppercase;">reydis</small> III</a>.</p>
<p><i>Nachtrag: </i>Am 14. Juli 2012 stach die F<small style="text-transform: uppercase;">reydis</small> III zu ihrer ersten Langfahrt in See. Es ist die achte Weltumseglung der Wilts. Die aktuelle Position der F<small style="text-transform: uppercase;">reydis</small> finden Sie stets <a href="https://www.freydis.de/wo_freydis.htm">hier</a>.</p>

<p>Namensgebung Unsere Freydis hat ihren Namen von der Tochter des Wikingers Erich des Roten, der Grönland entdeckt und benannt hat. Freydis gelangte als erste Frau um das Jahr 1000 n. Chr. als Haupt der 5. Wikinger-Expedition nach Amerika. Eingegangen in &hellip; <a href="https://www.freydis.de/wordpress/die-freydis/">Weiterlesen <span class="meta-nav">&rarr;</span></a></p>
