{"id":320,"date":"2011-01-15T13:40:48","date_gmt":"2011-01-15T12:40:48","guid":{"rendered":"https:\/\/www.freydis.de\/wordpress\/?page_id=320"},"modified":"2019-07-17T11:33:12","modified_gmt":"2019-07-17T10:33:12","slug":"vortrage","status":"publish","type":"page","link":"https:\/\/www.freydis.de\/wordpress\/vortrage\/","title":{"rendered":"Vortr\u00e4ge"},"content":{"rendered":"<a href=\"https:\/\/www.freydis.de\/wordpress\/weitere-vortraege-in-zuerich-salzburg-emden-heidelberg\/\" class=\"su-button su-button-style-default su-button-wide\" style=\"color:#FFFFFF;background-color:#ef332d;border-color:#c02924;border-radius:5px\" target=\"_self\"><span style=\"color:#FFFFFF;padding:6px 18px;font-size:14px;line-height:21px;border-color:#f4716c;border-radius:5px;text-shadow:none\"><i class=\"sui sui-calendar\" style=\"font-size:14px;color:#FFFFFF\"><\/i> Aktuelle Termine 2019<\/span><\/a>\n<p>Erich und Heide Wilts halten seit Jahren Vortr\u00e4ge \u00fcber ihre Segelreisen. Derzeit sind folgende Vortr\u00e4ge im Programm:<\/p>\n<ul>\n<li><a href=\"#v1\">V1:\u00a07\u00a0Jahre rund Antarktis<\/a><\/li>\n<li><a href=\"#v2\">V2:\u00a0Wilder Stiller Ozean<\/a><\/li>\n<li><a href=\"#v3\">V3:\u00a0Mit GEO durch Melanesien<\/a><\/li>\n<li><a href=\"#v4\">V4:\u00a0Kap Hoorn \u2013 Der logische Weg?<\/a><\/li>\n<li><a href=\"#v5\">V5:\u00a0Hei\u00df auf Eis \u2013 80 Grad Nord<\/a><\/li>\n<li><a href=\"#v6\">V6:\u00a0Alaska und Beringmeer<\/a><\/li>\n<li><a href=\"#v7\">V7:\u00a0Endstation Fukushima<\/a><\/li>\n<li><a href=\"#v8\">V8: K. O. \u2013 und nochmal gepackt!<\/a><\/li>\n<li><a href=\"#v8\">V9:\u00a0Boot f\u00fcr die Welt<\/a><\/li>\n<\/ul>\n<h2><a href=\"https:\/\/www.freydis.de\/wordpress\/vortrage\/7-jahre-rund-antarktis\/\" name=\"v1\">V1: 7\u00a0Jahre rund Antarktis<\/a><\/h2>\n<p><img decoding=\"async\" src=\"https:\/\/www.freydis.de\/bilder\/2011\/02\/V 1 - Strandung 04.jpg\" alt=\"\" align=\"left\" border=\"0\" \/>H\u00f6hepunkte und Tiefschl\u00e4ge einer Weltumsegelung. Strandung und \u00dcberwinterung auf der Vulkaninsel Deception\/Antarktis und die Reise zu den Inseln im S\u00fcdpolarmeer des Atlantischen und Indischen Ozeans (Teil I).<\/p>\n<p style=\"text-align: justify;\">Heide und Erich Wilts beenden ihre b\u00fcrgerlichen Berufe (sie als Radiologin, er als Gesch\u00e4ftsf\u00fchrer) nach 25 j\u00e4hriger T\u00e4tigkeit. Lange Jahre haben sie darauf hingearbeitet, ihren Traum zu verwirklichen und brechen mit ihrer st\u00e4hlernen 14 Meter langen Segelyacht FREYDIS zu einem einmaligen Abenteuer auf: Sie wollen im Kratersee der Insel Deception, einem aktiven Vulkan am Rande der Antarktischen Halbinsel, \u00fcberwintern. Im Anschlu\u00df daran planen sie eine mehrj\u00e4hrige Umrundung des 6. Kontinents, Antarctica, wobei sie sich viel Zeit f\u00fcr den Besuch der an seiner Peripherie gelegenen Archipele und Inseln mit ihren einzigartigen Naturparadiesen nehmen wollen\u2026 [<a href=\"https:\/\/www.freydis.de\/wordpress\/vortrage\/7-jahre-rund-antarktis\/\">weiterlesen<\/a>]\n<hr \/>\n<h2><a href=\"https:\/\/www.freydis.de\/wordpress\/vortrage\/wilder-stiller-ozean\/\" name=\"v2\">V2: Wilder Stiller Ozean<\/a><\/h2>\n<p><img decoding=\"async\" src=\"https:\/\/www.freydis.de\/bilder\/2011\/02\/V 2 - NeuS-Sued 09.jpg\" alt=\"\" align=\"left\" border=\"0\" \/>Segelabenteuer im S\u00fcdpazifik.<\/p>\n<p>Antarktisumrundung Neuseeland \u2013 Rossmeer \u2013 S\u00fcdsee \u2013 Patagonien &#8211; Feuerland \u2013 Antarktis (Teil II).<\/p>\n<p style=\"text-align: justify;\">Halbzeit! Nach 3 \u00bd Jahren auf der Route der Albatrosse rund um den Antarktischen Kontinent haben die Wilts mit ihrer FREYDIS Australien erreicht. Strandung und \u00dcberwinterung im Kratersee der Vulkaninsel Deception liegen ebenso hinter ihnen wie die sturmumtosten Eilande des S\u00fcdatlantischen und S\u00fcdindischen Ozeans mit ihren eindrucksvollen Tierparadiesen\u2026 [<a href=\"https:\/\/www.freydis.de\/wordpress\/vortrage\/wilder-stiller-ozean\/\">weiterlesen<\/a>]\n<hr \/>\n<h2><a href=\"https:\/\/www.freydis.de\/wordpress\/vortrage\/mit-geo-durch-melanesien\/\" name=\"v3\">V3: Mit GEO durch Melanesien<\/a><\/h2>\n<p><img decoding=\"async\" src=\"https:\/\/www.freydis.de\/bilder\/2011\/02\/V 3 - Salomonen 05.jpg\" alt=\"\" align=\"left\" border=\"0\" \/>Expedition ins Ungewisse. Vanuatu, Salomonen, Papua Neuguinea.<\/p>\n<p style=\"text-align: justify;\">Nach gelungener 7-j\u00e4hriger Antarktisumrundung wollten die Wilts auf dem k\u00fcrzesten Wege vom Kap Hoorn \u00fcber den Atlantik nach Hause. Da wurden sie von der Anfrage des GEO-Magazins \u00fcberrascht, ob sie mit ihrer Freydis als Expeditionsbasis f\u00fcr eine viermonatige Forschungsreise durch Melanesien zur Verf\u00fcgung st\u00fcnden. Sie sagten zu und damit begann lt. GEO \u201edie aufw\u00e4ndigste Produktion in der Geschichte von GEO.\u201c Und f\u00fcr die Wilts begann eine der abenteuerlichsten Reisen ihrer 40-j\u00e4hrigen Segellaufbahn\u2026 [<a href=\"https:\/\/www.freydis.de\/wordpress\/vortrage\/mit-geo-durch-melanesien\/\">weiterlesen<\/a>]\n<hr \/>\n<h2><a href=\"https:\/\/www.freydis.de\/wordpress\/vortrage\/kap-hoorn-der-logische-weg\/\" name=\"v4\">V4: Kap Hoorn &#8211; Der logische Weg?<\/a><\/h2>\n<p><img decoding=\"async\" src=\"https:\/\/www.freydis.de\/bilder\/2011\/02\/V 4 - Feuerland 06.jpg\" alt=\"\" align=\"left\" border=\"0\" \/>Unsere Erlebnisse und Erfahrungen aus 13 Reisen zum Kap der St\u00fcrme.<\/p>\n<p style=\"text-align: justify;\">Auf ihren Segelreisen mit der Freydis um die Erde haben Heide und Erich Wilts die Kap Hoorn-Region und die Wasserstra\u00dfen Patagoniens l\u00e4nger und gr\u00fcndlicher erkundet als jedes andere Revier &#8211; einmal abgesehen von ihrem Heimatrevier, der Deutschen Bucht. Sie haben eine F\u00fclle von Eindr\u00fccken, Erlebnissen und Bildern \u00fcber die Jahre gesammelt, die sie nun erstmals in einem Vortrag pr\u00e4sentieren\u2026 [<a href=\"https:\/\/www.freydis.de\/wordpress\/vortrage\/kap-hoorn-der-logische-weg\/\">weiterlesen<\/a>]\n<hr \/>\n<h2><a href=\"https:\/\/www.freydis.de\/wordpress\/vortrage\/heiss-auf-eis-%e2%80%93-80%c2%b0-nord\/\" name=\"v5\">V5: Hei\u00df auf Eis &#8211; 80 Grad Nord<\/a><\/h2>\n<p><img decoding=\"async\" src=\"https:\/\/www.freydis.de\/bilder\/2011\/02\/V 5 - Strandung 01.jpg\" alt=\"\" align=\"left\" border=\"0\" \/>Abenteuer in Gr\u00f6nland, Island und Spitzbergen.<\/p>\n<p style=\"text-align: justify;\">In ihrem Vortrag \u201eHeiss auf Eis \u2013 80\u00b0 Nord\u201c zeigen die Wilts bisher noch nicht ver\u00f6ffentlichte Bilder aus ihren Reisen ins Nordpolarmeer nach Gr\u00f6nland und Spitzbergen. Grandiose, unber\u00fchrte Natur, Begegnungen mit wild lebenden Tieren und beeindruckenden Menschen, aber auch Bordleben unter extremen Bedingungen und schwierige Entscheidungen im Angesicht von St\u00fcrmen, Eis und K\u00e4lte sowie \u00c4ngste und Anstrengungen ihrer ungew\u00f6hnlichen Seereisen schildern die Wilts hautnah und einf\u00fchlsam&#8230; [<a href=\"https:\/\/www.freydis.de\/wordpress\/vortrage\/heiss-auf-eis-%e2%80%93-80%c2%b0-nord\/\">weiterlesen<\/a>]\n<hr \/>\n<h2><a href=\"https:\/\/www.freydis.de\/wordpress\/vortrage\/alaska-und-beringmeer\/\" name=\"v6\">V6: Alaska und Beringmeer<\/a><\/h2>\n<p><img decoding=\"async\" src=\"https:\/\/www.freydis.de\/bilder\/2011\/02\/V 6 - Alaska Baeren 37.jpg\" alt=\"\" align=\"left\" border=\"0\" \/>Rendezvous mit Grizzlys und Eskimos.<\/p>\n<p style=\"text-align: justify;\">Hier ist der B\u00e4r los. Aber sonst rein gar nichts. Seekarten gibt es nicht, geschweige denn H\u00e4fen. Packeis, Nebel, Regen und St\u00fcrme bestimmen das Klima. Auf den Inseln des Beringmeers zwischen Alaska und Sibirien leben wenige Menschen fernab der Zivilisation. Segler erscheinen ihnen wie Besucher von einem anderen Stern. Heide und Erich Wilts mit ihrer Freydis waren dort\u2026 [<a href=\"https:\/\/www.freydis.de\/wordpress\/vortrage\/alaska-und-beringmeer\/\">weiterlesen<\/a>]\n<hr \/>\n<h2><a href=\"https:\/\/www.freydis.de\/wordpress\/vortrage\/v7-endstation-fukushima\/\" name=\"v7\">V7: Endstation Fukushima<\/a><\/h2>\n<p><img decoding=\"async\" src=\"https:\/\/www.freydis.de\/bilder\/2012\/01\/vortrag_7.jpg\" alt=\"\" align=\"left\" border=\"0\" \/>Die letzte Reise der Freydis II \u2013 von Alaska nach Japan (2010-2011)<\/p>\n<p style=\"text-align: justify;\">Auf dem Weg in die S\u00fcdsee \u00e4ndern die Wilts in San Diego kurz entschlossen ihre Pl\u00e4ne und wollen \u00fcber Hawaii, das Midway-Atoll, Japan und Kamtschatka noch einmal zur\u00fcck nach Alaska &#8211; eine folgenschwere Entscheidung. In Japan passierte am 11. M\u00e4rz 2011 das Unvorstellbare: Das Land wurde nach einem Seebeben vom schlimmsten Tsunami seit 100 Jahren getroffen und verw\u00fcstet. Furchtbares Leid kam \u00fcber die Menschen dort. Die Freydis \u00fcberwinterte zu dieser Zeit in der Iwaki-Sun-Marina in der Provinz Fukushima. [<a href=\"https:\/\/www.freydis.de\/wordpress\/vortrage\/v7-endstation-fukushima\/\">weiterlesen<\/a>]\n<hr \/>\n<h2 style=\"text-align: justify;\"><a href=\"https:\/\/www.freydis.de\/wordpress\/vortrage\/v8-k-o-und-nochmal-gepackt\/\" name=\"v8\">V8: K. O. \u2013 und nochmal gepackt!<\/a><\/h2>\n<p><a href=\"https:\/\/www.freydis.de\/wordpress\/wp-content\/uploads\/2016\/04\/IMG_0368-Kopie.jpg\"><img loading=\"lazy\" decoding=\"async\" class=\"alignleft size-thumbnail wp-image-2496\" src=\"https:\/\/www.freydis.de\/wordpress\/wp-content\/uploads\/2016\/04\/IMG_0368-Kopie-150x150.jpg\" alt=\"Freydis III Im Passat \u00fcber den Pazifik\" width=\"150\" height=\"150\" \/><\/a>Pl\u00f6tzlich ist kein Boot mehr da, der Tsunami in Japan hat mit der Freydis auch die Pl\u00e4ne und Tr\u00e4ume der Wilts zerst\u00f6rt. Sie stehen vor einem Scherbenhaufen. Was sollen sie tun? Das Segeln aufgeben, nur noch in der Erinnerung leben? Vielleicht noch ein paar J\u00e4hrchen in Nord- und Ostsee segeln? Nein, sie haben immer noch Sehnsucht nach der Ferne, immer noch Lust am Entdecken abseits der Trampelpfade und Marinas. Also muss eine neue Freydis her, ein Boot, das ihren Anspr\u00fcchen gen\u00fcgt: einfach, solide, zweckm\u00e4\u00dfig. [<a href=\"https:\/\/www.freydis.de\/wordpress\/vortrage\/v8-k-o-und-nochmal-gepackt\/\">weiterlesen<\/a>]\n<hr \/>\n<h2><a href=\"https:\/\/www.freydis.de\/wordpress\/vortrage\/v9-boot-fuer-die-welt\/\" name=\"v9\">V9: Boot f\u00fcr die Welt<\/a><\/h2>\n<p><a href=\"https:\/\/www.freydis.de\/wordpress\/wp-content\/uploads\/2016\/04\/Yacht-15-2012-boot-fuer-die-welt-rumpf-2048-1.jpg\"><img loading=\"lazy\" decoding=\"async\" class=\"alignleft size-thumbnail wp-image-2508\" src=\"https:\/\/www.freydis.de\/wordpress\/wp-content\/uploads\/2016\/04\/Yacht-15-2012-boot-fuer-die-welt-rumpf-2048-1-150x150.jpg\" alt=\"Yacht 15-2012 Boot f\u00fcr die Welt\" width=\"150\" height=\"150\" \/><\/a>Erste Bilanz nach 30.000 Meilen \/ Tops + Flops der neuen Freydis<\/p>\n<p>Auf den Titel der YACHT schafft es nicht jedes Boot; gleich zweimal nur ganz, ganz wenige. Der feuerrot lackierten \u201eFreydis\u201c ist das Double jetzt gelungen. Vor anderthalb Jahren berichtete Uwe Jan\u00dfen bereits vom Probeschlag mit dem robusten 16-Meter-Blauwasserkreuzer auf der Nordsee.\u00a0[<a href=\"https:\/\/www.freydis.de\/wordpress\/vortrage\/v9-boot-fuer-die-welt\/\">weiterlesen<\/a>]\n<hr \/>\n<h3>Kritiken<\/h3>\n<blockquote><p>\u201eIch habe gestern meinen Freunden G\u00fcnter und Heide Voigt von der \u201ePusteblume\u201c eine e-mail aufs Boot geschickt. Was ich \u00fcber Deinen Dia-Abend geschrieben habe, kannst Du hier in Kopie lesen:<br \/>\nIch war gestern bei Erich Wilts. Er hat einen Vortrag \u00fcber `Sieben Jahre rund um die Antarktis` gehalten. Ich bin noch ganz platt von seinem Vortrag und nat\u00fcrlich besonders von den Bildern. Er ist ja ein begnadeter Fotograf, der ein ausgepr\u00e4gtes Auge f\u00fcr die Natur hat. Die beiden haben ja keine Insel s\u00fcdlich von 40\u00b0 ausgelassen. Wie aufregend, wie friedlich und einsam ist die Welt an diesen Pl\u00e4tzen. Mich haben die Bilder bis in meine Tr\u00e4ume verfolgt&#8230;\u201d<\/p><\/blockquote>\n<p><em><span style=\"color: #606060;\">Klaus Hympendahl, Weltumsegler mit der AFRICAN QUEEN und Romanautor, am 6.April 2001<\/span><\/em><\/p>\n<blockquote><p>\u201eVon Eurem Vortrag war ich in mehrfacher Hinsicht tief beeindruckt. Ihr tr\u00e4umt, wagt und vollbringt ja nicht nur ganz und gar Au\u00dfergew\u00f6hnliches, sondern tut das mit der Bescheidenheit des K\u00f6nnens und deshalb D\u00fcrfens oder gar M\u00fcssens und lasst obendrein auch noch andere daran teilnehmen.\u201c<\/p><\/blockquote>\n<p><em><span style=\"color: #606060;\">Friedel Klee, umsegelte die Erde viele Jahre mit seiner Frau Ursel auf der VAGANT, Autor mehrerer B\u00fccher, am 3. Februar 2001:<\/span><\/em><\/p>\n<blockquote><p>\u201cWeltumsegler Wilts verzaubern Publikum`Ostfriesland Magazin` pr\u00e4sentierte in Norden packenden Dia-Vortrag \u00fcber die S\u00fcdseeinseln Melanesiens\u201c<\/p><\/blockquote>\n<p><em><span style=\"color: #606060;\">Ostfriesischer Kurier, Headline am 4. Dez. 2003<\/span><\/em><\/p>\n<blockquote><p>\u201eEIN UNGEW\u00d6HNLICHER SEGELT\u00d6RN IM BILD\u201c<\/p>\n<p>\u201e&#8230;Spannend und informativ erz\u00e4hlte Erich Wilts von den Erlebnissen&#8230;Traumhafte Bilder von Landschaften und Menschen belegen Erich Wilts ungew\u00f6hnliches Fototalent. Faszinierend auch die Reiseerlebnisse, die die Wilts in f\u00fcr Touristen fast unzug\u00e4ngliche Gebiete hatten. Gebannt h\u00f6rten die G\u00e4ste zu.\u201c<\/p><\/blockquote>\n<p><em><span style=\"color: #606060;\">Sachsenh\u00e4user Wochenblatt, 23. Okt 2003<\/span><\/em><\/p>\n<blockquote><p>\u201cLANDRATTEN VERLIESSEN TSV-HALLE BREITBEINIG<\/p>\n<p>Obwohl wir eine ganze Menge Wasser vor der Haust\u00fcre haben, ein Volk von Seefahrern sind wir Bayern trotzdem nicht. Wenn aber ein ostfriesischer Salzwasserkapit\u00e4n in Gr\u00e4felfing aufkreuzt und Filme und Dias \u00fcber einen einmaligen Segelt\u00f6rn zeigt, kommen die Landratten in Scharen&#8230;\u201c<br \/>\n\u201e &#8230;F\u00fcr einen alten Pflastertreter ist das, was die Crew erlebte, und in sagenhaften Bildern festhielt, schlicht und einfach unvorstellbar. Dazu plauderte der b\u00e4rtige Riese Erich Wilts mit einer Seelenruhe, als g\u00e4lte es eine Kaffeefahrt von Berg nach Feldafing zu kommentieren&#8230;<br \/>\nIn Cuxhaven erhielten die Fahrtensegler aus Leer den \u201eTrans-Ocean-Preis\u201c und in Gr\u00e4felfing den begeisterten Beifall eines Publikums, das aus dem Staunen nicht herauskam&#8230;\u201c<\/p><\/blockquote>\n<p><em><span style=\"color: #606060;\">M\u00fcnchener Merkur, 20. Febr. 1984<\/span><\/em><\/p>\n<blockquote><p>\u201e&#8230;Das Ansetzen von zwei Vorf\u00fchrungen an einem Tag war im Gremium zun\u00e4chst umstritten. Das Ergebnis hat die Bef\u00fcrworter in vollem Umfang best\u00e4tigt. Es ist selten, dass ein Filmvortrag zweimal an einem Tag (einmal vor- und einmal nachmittags) einen \u00fcbervollen Saal f\u00fcr sich buchen kann.<br \/>\nIhr Filmvortrag bringt genau die heute vom Besucher einer Wassersport-Verbrauchermesse im Rahmenprogramm erwartete gut dosierte Mischung von Abenteuer, Entdeckung, Kulturfilm, Erlebnisbericht, Aktion, hautnaher Praxis und Fachwissen. Ihr Filmvortrag ist f\u00fcr In- und Outsider ein Erlebnis&#8230;\u201c<\/p><\/blockquote>\n<p><em><span style=\"color: #606060;\">Hilmar von B\u00f6tticher, Werbeagentur, Berg\/Starnberger See, Brief vom 25.M\u00e4rz 1985 zum Echo auf der Messe CBR, M\u00fcnchen:<\/span><\/em><\/p>\n<blockquote><p>\u201c400 LAUSCHTEN WILTS \u2013 VORTRAG<br \/>\nCn.- Der Wettstreit um die Zuschauergunst zwischen Fu\u00dfball und Segeln ging am Dienstag-abend klar f\u00fcr das Segeln aus: Trotz Top-Spiel im Fernsehen kamen rund 400 G\u00e4ste zum \u201eForum Maritim\u201c, um Erich Wilts zu sehen und zu h\u00f6ren. Die Eintrittsgelder des Abends von insgesamt 2370 Mark spendete der bekannte Hochseesegler dem Arbeitskreis Schifffahrtsgeschichte, der das Geld f\u00fcr k\u00fcnftige Ausstellungen und Veranstaltungen verwenden will.S.12\u201c.<br \/>\n\u201e&#8230;Viele lauschten bereits im April vorigen Jahres dem Extremsegler. Dennoch konnten sie sich nicht satt sehen an den Bildern und erfuhren viel Neues. Rund zwei Stunden lang lie\u00dfen sie sich von dem ungemein anschaulichen Vortrag mitrei\u00dfen&#8230;\u201c<\/p><\/blockquote>\n<p><em><span style=\"color: #606060;\">Cuxhavener Nachrichten, Donnerstag, 2. M\u00e4rz 2000<\/span><\/em><\/p>\n<hr \/>\n","protected":false},"excerpt":{"rendered":"<p>Erich und Heide Wilts halten seit Jahren Vortr\u00e4ge \u00fcber ihre Segelreisen. Derzeit sind folgende Vortr\u00e4ge im Programm: V1:\u00a07\u00a0Jahre rund Antarktis V2:\u00a0Wilder Stiller Ozean V3:\u00a0Mit GEO durch Melanesien V4:\u00a0Kap Hoorn \u2013 Der logische Weg? V5:\u00a0Hei\u00df auf Eis \u2013 80 Grad Nord &hellip; <a href=\"https:\/\/www.freydis.de\/wordpress\/vortrage\/\">Weiterlesen <span class=\"meta-nav\">&rarr;<\/span><\/a><\/p>\n","protected":false},"author":3,"featured_media":0,"parent":0,"menu_order":90,"comment_status":"closed","ping_status":"open","template":"","meta":{"footnotes":""},"class_list":["post-320","page","type-page","status-publish","hentry"],"jetpack_sharing_enabled":true,"_links":{"self":[{"href":"https:\/\/www.freydis.de\/wordpress\/wp-json\/wp\/v2\/pages\/320","targetHints":{"allow":["GET"]}}],"collection":[{"href":"https:\/\/www.freydis.de\/wordpress\/wp-json\/wp\/v2\/pages"}],"about":[{"href":"https:\/\/www.freydis.de\/wordpress\/wp-json\/wp\/v2\/types\/page"}],"author":[{"embeddable":true,"href":"https:\/\/www.freydis.de\/wordpress\/wp-json\/wp\/v2\/users\/3"}],"replies":[{"embeddable":true,"href":"https:\/\/www.freydis.de\/wordpress\/wp-json\/wp\/v2\/comments?post=320"}],"version-history":[{"count":80,"href":"https:\/\/www.freydis.de\/wordpress\/wp-json\/wp\/v2\/pages\/320\/revisions"}],"predecessor-version":[{"id":5530,"href":"https:\/\/www.freydis.de\/wordpress\/wp-json\/wp\/v2\/pages\/320\/revisions\/5530"}],"wp:attachment":[{"href":"https:\/\/www.freydis.de\/wordpress\/wp-json\/wp\/v2\/media?parent=320"}],"curies":[{"name":"wp","href":"https:\/\/api.w.org\/{rel}","templated":true}]}}