{"id":5220,"date":"2018-11-15T11:57:34","date_gmt":"2018-11-15T10:57:34","guid":{"rendered":"https:\/\/www.freydis.de\/wordpress\/?page_id=5220"},"modified":"2018-11-20T12:12:15","modified_gmt":"2018-11-20T11:12:15","slug":"toernplan-2019","status":"publish","type":"page","link":"https:\/\/www.freydis.de\/wordpress\/toernplaene\/toernplan-2019\/","title":{"rendered":"T\u00f6rnplan 2019"},"content":{"rendered":"<p><a href=\"https:\/\/www.freydis.de\/wordpress\/wp-content\/uploads\/2018\/11\/Toernplan-2019-Transatlantik-web.png\"><img loading=\"lazy\" decoding=\"async\" class=\"alignleft wp-image-5222 size-full\" src=\"https:\/\/www.freydis.de\/wordpress\/wp-content\/uploads\/2018\/11\/Toernplan-2019-Transatlantik-web.png\" alt=\"\" width=\"900\" height=\"148\" srcset=\"https:\/\/www.freydis.de\/wordpress\/wp-content\/uploads\/2018\/11\/Toernplan-2019-Transatlantik-web.png 900w, https:\/\/www.freydis.de\/wordpress\/wp-content\/uploads\/2018\/11\/Toernplan-2019-Transatlantik-web-300x49.png 300w, https:\/\/www.freydis.de\/wordpress\/wp-content\/uploads\/2018\/11\/Toernplan-2019-Transatlantik-web-768x126.png 768w\" sizes=\"auto, (max-width: 900px) 100vw, 900px\" \/><\/a><\/p>\n[<a href=\"https:\/\/www.freydis.de\/wordpress\/wp-content\/uploads\/2018\/11\/Toernplan2019.pdf\" target=\"_blank\" rel=\"noopener\">Diesen T\u00f6rnplan als PDF-Dokument<\/a>]\n[<a href=\"https:\/\/www.freydis.de\/wordpress\/toernplan-2019\/\">Zum Blogbeitrag<\/a>]\n<p>&nbsp;<\/p>\n<h2>Transatlantik in die Sonne: Von Island nach Lissabon<\/h2>\n<div class=\"su-note\"  style=\"border-color:#0e57ab;border-radius:3px;-moz-border-radius:3px;-webkit-border-radius:3px;\"><div class=\"su-note-inner su-u-clearfix su-u-trim\" style=\"background-color:#2871c5;border-color:#f4ffff;color:#eee;border-radius:3px;-moz-border-radius:3px;-webkit-border-radius:3px;\">Stand 15. November 2018 &#8211; \u00c4nderungen vorbehalten<\/div><\/div>\n<p><a href=\"https:\/\/www.freydis.de\/wordpress\/wp-content\/uploads\/2018\/11\/1_Kopf.jpg\"><img loading=\"lazy\" decoding=\"async\" class=\"alignleft size-full wp-image-5281\" src=\"https:\/\/www.freydis.de\/wordpress\/wp-content\/uploads\/2018\/11\/1_Kopf.jpg\" alt=\"\" width=\"1000\" height=\"667\" srcset=\"https:\/\/www.freydis.de\/wordpress\/wp-content\/uploads\/2018\/11\/1_Kopf.jpg 1000w, https:\/\/www.freydis.de\/wordpress\/wp-content\/uploads\/2018\/11\/1_Kopf-300x200.jpg 300w, https:\/\/www.freydis.de\/wordpress\/wp-content\/uploads\/2018\/11\/1_Kopf-768x512.jpg 768w\" sizes=\"auto, (max-width: 1000px) 100vw, 1000px\" \/><\/a><\/p>\n<p><strong>T\u00f6rn I: An Islands K\u00fcsten:\u00a0<\/strong><strong>Isafj\u00f6rdur \u2013 Reykjavik &#8211; Heimaey auf den Westm\u00e4nner-Inseln<\/strong><br \/>\n2 Wochen von Samstag, 08. bis Freitag, 21. Juni 2019, ca. 400 sm<\/p>\n<p>Pause in Ilulissat 5 Tage vom 29. Juni bis 03. Juli<\/p>\n<p><strong>T\u00f6rn II: Westm\u00e4nner \u2013 F\u00e4r\u00f6er \u2013 \u00c4u\u00dfere Hebriden \u2013 Stornoway<\/strong><br \/>\n2 Wochen von Freitag, 28. Juni bis Donnerstag, 11. Juli 2019, ca. 700 sm<\/p>\n<p>Pause in Stornoway 6 Tage vom 12. bis 17. Juli<\/p>\n<p><strong>T\u00f6rn III: Innere Hebriden \u2013 Irische See \u2013 Scilly Inseln \u2013 Insel Ouessant bei Brest<\/strong><br \/>\n2 \u00bd Wochen von Donnerstag, 18. Juli bis Samstag, 03. August 2019, ca. 600 sm<\/p>\n<p>Pause auf der Insel Ouessant 6 Tage vom 04. bis 09. August<\/p>\n<p><strong>T\u00f6rn IV: Ile d\u00b4Ouessant bei Brest \u2013 Biskaya \u2013 La Coruna \u2013 Galizien bis Lissabon<\/strong><br \/>\n2 \u00bd Wochen von Samstag, 10. bis Montag, 26. August 2019, ca. 700 sm<\/p>\n<p>&nbsp;<\/p>\n<p><strong>F\u00fcr alle T\u00f6rns gilt<\/strong>: Einchecken an Bord am Tag <strong>vor<\/strong> T\u00f6rnbeginn, m\u00f6glichst bis 16:00 Uhr zum Kaffee. Nach dem Einchecken folgen Einweisung und T\u00f6rnbesprechung. Auschecken am letzten Tag des T\u00f6rns.<\/p>\n<p>Wie immer werden wir vor den T\u00f6rns <strong>Crewtreffen<\/strong> bei uns in Heidelberg arrangieren!<\/p>\n<a href=\"https:\/\/www.freydis.de\/wordpress\/groenland-kann-mir-gestohlen-bleiben\/\" class=\"su-button su-button-style-default su-button-wide\" style=\"color:#FFFFFF;background-color:#ef332d;border-color:#c02924;border-radius:5px\" target=\"_self\"><span style=\"color:#FFFFFF;padding:6px 18px;font-size:14px;line-height:21px;border-color:#f4716c;border-radius:5px;text-shadow:none\"><i class=\"sui sui-thumbs-up\" style=\"font-size:14px;color:#FFFFFF\"><\/i> T\u00f6rn-Kritiken 2018<\/span><\/a>\n<a href=\"https:\/\/www.freydis.de\/wordpress\/crew\/toerns-kommentare-und-kritiken\/\" class=\"su-button su-button-style-default su-button-wide\" style=\"color:#FFFFFF;background-color:#ef332d;border-color:#c02924;border-radius:5px\" target=\"_self\"><span style=\"color:#FFFFFF;padding:6px 18px;font-size:14px;line-height:21px;border-color:#f4716c;border-radius:5px;text-shadow:none\"><i class=\"sui sui-thumbs-up\" style=\"font-size:14px;color:#FFFFFF\"><\/i> T\u00f6rn-Kritiken aus den Vorjahren<\/span><\/a>\n<p>&nbsp;<\/p>\n<p><strong>Erl\u00e4uterungen zum T\u00f6rnplan 2019<\/strong><\/p>\n<p><strong>F\u00fcr alle T\u00f6rns gilt:<\/strong> Als Segler m\u00fcssen wir beim T\u00f6rnverlauf R\u00fccksicht auf die jeweilige Wetterlage nehmen. Auf allen vier T\u00f6rns werden wir wieder von \u201eWetterwelt\u201c in Kiel \u00fcber Iridium-Satphone beraten.<\/p>\n<p><strong>Auf T\u00f6rn I<\/strong> ist ein Zwischenstopp in Reykjavik geplant. Wenn die Zeit es zul\u00e4sst, k\u00f6nnen wir einen zwei- bis dreit\u00e4gigen Ausflug unternehmen, z.B. mit einem Leihwagen auf dem \u201eGoldenen Ring\u201c, den wir von fr\u00fcheren Besuchen kennen, einen phantastischen Einblick in Natur und Kultur der Insel gewinnen. Thingvellir, die ber\u00fchmten Geysire, Gullfoss, der Goldene Wasserfall, und andere Attraktionen liegen auf dieser Route. Zu den Westm\u00e4nner-Inseln: 1964, ein halbes Jahr nach dem Entstehen der Vulkaninsel Surtsey, war ich, Erich, das erste Mal auf den Westm\u00e4nner-Inseln. In den folgenden Jahrzehnten haben wir beide ein paar Mal die Inselgruppe mit der Freydis angelaufen, auch nach dem Vulkanausbruch 1973, dessen Lava den Hafen von Heimaey beinahe zugesch\u00fcttet h\u00e4tte.<\/p>\n<div id=\"attachment_5272\" style=\"width: 650px\" class=\"wp-caption alignleft\"><a href=\"https:\/\/www.freydis.de\/wordpress\/wp-content\/uploads\/2018\/11\/Island_1.jpg\"><img loading=\"lazy\" decoding=\"async\" aria-describedby=\"caption-attachment-5272\" class=\"size-large wp-image-5272\" src=\"https:\/\/www.freydis.de\/wordpress\/wp-content\/uploads\/2018\/11\/Island_1-1024x714.jpg\" alt=\"\" width=\"640\" height=\"446\" srcset=\"https:\/\/www.freydis.de\/wordpress\/wp-content\/uploads\/2018\/11\/Island_1-1024x714.jpg 1024w, https:\/\/www.freydis.de\/wordpress\/wp-content\/uploads\/2018\/11\/Island_1-300x209.jpg 300w, https:\/\/www.freydis.de\/wordpress\/wp-content\/uploads\/2018\/11\/Island_1-768x536.jpg 768w, https:\/\/www.freydis.de\/wordpress\/wp-content\/uploads\/2018\/11\/Island_1.jpg 1280w\" sizes=\"auto, (max-width: 640px) 100vw, 640px\" \/><\/a><p id=\"caption-attachment-5272\" class=\"wp-caption-text\">Westm\u00e4nner-Inseln vor 55 Jahren<\/p><\/div>\n<p><a href=\"https:\/\/www.freydis.de\/wordpress\/wp-content\/uploads\/2018\/11\/Island_3.jpg\"><img loading=\"lazy\" decoding=\"async\" class=\"alignleft size-large wp-image-5274\" src=\"https:\/\/www.freydis.de\/wordpress\/wp-content\/uploads\/2018\/11\/Island_3-1024x714.jpg\" alt=\"\" width=\"640\" height=\"446\" srcset=\"https:\/\/www.freydis.de\/wordpress\/wp-content\/uploads\/2018\/11\/Island_3-1024x714.jpg 1024w, https:\/\/www.freydis.de\/wordpress\/wp-content\/uploads\/2018\/11\/Island_3-300x209.jpg 300w, https:\/\/www.freydis.de\/wordpress\/wp-content\/uploads\/2018\/11\/Island_3-768x536.jpg 768w, https:\/\/www.freydis.de\/wordpress\/wp-content\/uploads\/2018\/11\/Island_3.jpg 1280w\" sizes=\"auto, (max-width: 640px) 100vw, 640px\" \/><\/a> <a href=\"https:\/\/www.freydis.de\/wordpress\/wp-content\/uploads\/2018\/11\/Island_2.jpg\"><img loading=\"lazy\" decoding=\"async\" class=\"alignleft size-large wp-image-5273\" src=\"https:\/\/www.freydis.de\/wordpress\/wp-content\/uploads\/2018\/11\/Island_2-1024x714.jpg\" alt=\"\" width=\"640\" height=\"446\" srcset=\"https:\/\/www.freydis.de\/wordpress\/wp-content\/uploads\/2018\/11\/Island_2-1024x714.jpg 1024w, https:\/\/www.freydis.de\/wordpress\/wp-content\/uploads\/2018\/11\/Island_2-300x209.jpg 300w, https:\/\/www.freydis.de\/wordpress\/wp-content\/uploads\/2018\/11\/Island_2-768x536.jpg 768w, https:\/\/www.freydis.de\/wordpress\/wp-content\/uploads\/2018\/11\/Island_2.jpg 1280w\" sizes=\"auto, (max-width: 640px) 100vw, 640px\" \/><\/a><\/p>\n<p><strong>Zu T\u00f6rn II:<\/strong> Start auf den Westm\u00e4nner-Inseln zu den F\u00e4r\u00f6ern und von dort zu den \u00c4u\u00dferen Hebriden. Wir k\u00f6nnen viele interessante Ziele anlaufen, die F\u00e4r\u00f6er, die Shetlands, Fair Isle, St. Kilda. Vieles h\u00e4ngt von der jeweiligen Wetterlage ab, auf die wir uns einstellen m\u00fcssen \u2013 und nat\u00fcrlich auch von der Crew. Als Zielhafen steht der Hauptort Stornoway (8000 Einwohner) auf der \u00c4u\u00dferen Hebrideninsel Lewis and Harris fest.<\/p>\n<p><a href=\"https:\/\/www.freydis.de\/wordpress\/wp-content\/uploads\/2018\/11\/2_To\u0308rn_II_IMG_0371.jpg\"><img loading=\"lazy\" decoding=\"async\" class=\"alignleft size-large wp-image-5275\" src=\"https:\/\/www.freydis.de\/wordpress\/wp-content\/uploads\/2018\/11\/2_To\u0308rn_II_IMG_0371-1024x682.jpg\" alt=\"\" width=\"640\" height=\"426\" srcset=\"https:\/\/www.freydis.de\/wordpress\/wp-content\/uploads\/2018\/11\/2_To\u0308rn_II_IMG_0371-1024x682.jpg 1024w, https:\/\/www.freydis.de\/wordpress\/wp-content\/uploads\/2018\/11\/2_To\u0308rn_II_IMG_0371-300x200.jpg 300w, https:\/\/www.freydis.de\/wordpress\/wp-content\/uploads\/2018\/11\/2_To\u0308rn_II_IMG_0371-768x512.jpg 768w, https:\/\/www.freydis.de\/wordpress\/wp-content\/uploads\/2018\/11\/2_To\u0308rn_II_IMG_0371.jpg 1280w\" sizes=\"auto, (max-width: 640px) 100vw, 640px\" \/><\/a> <a href=\"https:\/\/www.freydis.de\/wordpress\/wp-content\/uploads\/2018\/11\/21_P1090670.jpg\"><img loading=\"lazy\" decoding=\"async\" class=\"alignleft size-large wp-image-5280\" src=\"https:\/\/www.freydis.de\/wordpress\/wp-content\/uploads\/2018\/11\/21_P1090670-1024x682.jpg\" alt=\"\" width=\"640\" height=\"426\" srcset=\"https:\/\/www.freydis.de\/wordpress\/wp-content\/uploads\/2018\/11\/21_P1090670-1024x682.jpg 1024w, https:\/\/www.freydis.de\/wordpress\/wp-content\/uploads\/2018\/11\/21_P1090670-300x200.jpg 300w, https:\/\/www.freydis.de\/wordpress\/wp-content\/uploads\/2018\/11\/21_P1090670-768x512.jpg 768w, https:\/\/www.freydis.de\/wordpress\/wp-content\/uploads\/2018\/11\/21_P1090670.jpg 1280w\" sizes=\"auto, (max-width: 640px) 100vw, 640px\" \/><\/a><\/p>\n<p><strong>Zu T\u00f6rn III:<\/strong> Innere Hebriden, Irische See und Scilly-Islands sind uns ebenfalls von fr\u00fcheren Reisen vertraut. Ein tolles Revier. H\u00f6hepunkte sind die Scilly-Inseln, auf deren Str\u00e4nden wir uns trockenfallen lassen k\u00f6nnen und nat\u00fcrlich unsere Zielinsel Ouessant. Sie d\u00fcrfte au\u00dferhalb der Ostfriesischen Inseln die von uns am h\u00e4ufigsten angelaufene Insel sein.<br \/>\nDie bretonische Granitinsel Ouessant mit der kleinen Ortschaft Lampaul verf\u00fcgt \u00fcber einen winzigen gesch\u00fctzten Hafen, in den wir es bisher immer geschafft haben, die Freydis bei Hochwasser zu verholen. Bei Niedrigwasser liegen wir dann trocken auf einer Betonplatte. Uns ist keine Insel der Welt bekannt, auf der so viele Leuchtt\u00fcrme stehen &#8211; aktive und au\u00dfer Dienst. Von und nach Brest gibt es t\u00e4gliche Bus- und F\u00e4hrverbindungen.<\/p>\n<div id=\"attachment_5276\" style=\"width: 650px\" class=\"wp-caption alignleft\"><a href=\"https:\/\/www.freydis.de\/wordpress\/wp-content\/uploads\/2018\/11\/3_To\u0308rn_III_DSC_0217_2.jpg\"><img loading=\"lazy\" decoding=\"async\" aria-describedby=\"caption-attachment-5276\" class=\"size-large wp-image-5276\" src=\"https:\/\/www.freydis.de\/wordpress\/wp-content\/uploads\/2018\/11\/3_To\u0308rn_III_DSC_0217_2-1024x712.jpg\" alt=\"\" width=\"640\" height=\"445\" srcset=\"https:\/\/www.freydis.de\/wordpress\/wp-content\/uploads\/2018\/11\/3_To\u0308rn_III_DSC_0217_2-1024x712.jpg 1024w, https:\/\/www.freydis.de\/wordpress\/wp-content\/uploads\/2018\/11\/3_To\u0308rn_III_DSC_0217_2-300x209.jpg 300w, https:\/\/www.freydis.de\/wordpress\/wp-content\/uploads\/2018\/11\/3_To\u0308rn_III_DSC_0217_2-768x534.jpg 768w, https:\/\/www.freydis.de\/wordpress\/wp-content\/uploads\/2018\/11\/3_To\u0308rn_III_DSC_0217_2.jpg 1280w\" sizes=\"auto, (max-width: 640px) 100vw, 640px\" \/><\/a><p id=\"caption-attachment-5276\" class=\"wp-caption-text\">Scilly Islands 2012 mit Freydis III<\/p><\/div>\n<p><a href=\"https:\/\/www.freydis.de\/wordpress\/wp-content\/uploads\/2018\/11\/4_To\u0308rn_III_DSC_0415.jpg\"><img loading=\"lazy\" decoding=\"async\" class=\"alignleft size-large wp-image-5277\" src=\"https:\/\/www.freydis.de\/wordpress\/wp-content\/uploads\/2018\/11\/4_To\u0308rn_III_DSC_0415-1024x686.jpg\" alt=\"\" width=\"640\" height=\"429\" srcset=\"https:\/\/www.freydis.de\/wordpress\/wp-content\/uploads\/2018\/11\/4_To\u0308rn_III_DSC_0415-1024x686.jpg 1024w, https:\/\/www.freydis.de\/wordpress\/wp-content\/uploads\/2018\/11\/4_To\u0308rn_III_DSC_0415-300x201.jpg 300w, https:\/\/www.freydis.de\/wordpress\/wp-content\/uploads\/2018\/11\/4_To\u0308rn_III_DSC_0415-768x514.jpg 768w, https:\/\/www.freydis.de\/wordpress\/wp-content\/uploads\/2018\/11\/4_To\u0308rn_III_DSC_0415.jpg 1280w\" sizes=\"auto, (max-width: 640px) 100vw, 640px\" \/><\/a><\/p>\n<p><strong>Zu T\u00f6rn IV:<\/strong> Der letzte T\u00f6rn ist mit der \u00dcberquerung der Biskaya und der dann folgenden K\u00fcste Galiziens und Portugals eine fantastische Mischung aus Hochseesegeln und abwechslungsreicher K\u00fcstenschipperei.<\/p>\n<div id=\"attachment_5278\" style=\"width: 650px\" class=\"wp-caption alignleft\"><a href=\"https:\/\/www.freydis.de\/wordpress\/wp-content\/uploads\/2018\/11\/7_To\u0308rn_IV_1IMG_0941_2.jpg\"><img loading=\"lazy\" decoding=\"async\" aria-describedby=\"caption-attachment-5278\" class=\"size-large wp-image-5278\" src=\"https:\/\/www.freydis.de\/wordpress\/wp-content\/uploads\/2018\/11\/7_To\u0308rn_IV_1IMG_0941_2-1024x682.jpg\" alt=\"\" width=\"640\" height=\"426\" srcset=\"https:\/\/www.freydis.de\/wordpress\/wp-content\/uploads\/2018\/11\/7_To\u0308rn_IV_1IMG_0941_2-1024x682.jpg 1024w, https:\/\/www.freydis.de\/wordpress\/wp-content\/uploads\/2018\/11\/7_To\u0308rn_IV_1IMG_0941_2-300x200.jpg 300w, https:\/\/www.freydis.de\/wordpress\/wp-content\/uploads\/2018\/11\/7_To\u0308rn_IV_1IMG_0941_2-768x512.jpg 768w, https:\/\/www.freydis.de\/wordpress\/wp-content\/uploads\/2018\/11\/7_To\u0308rn_IV_1IMG_0941_2.jpg 1280w\" sizes=\"auto, (max-width: 640px) 100vw, 640px\" \/><\/a><p id=\"caption-attachment-5278\" class=\"wp-caption-text\">2012 Ile d\u00b4Ouessant: im kleinen Hafen von Lampaul<\/p><\/div>\n<p><a href=\"https:\/\/www.freydis.de\/wordpress\/wp-content\/uploads\/2018\/11\/8_To\u0308rn_IV_2_IMG_0933.jpg\"><img loading=\"lazy\" decoding=\"async\" class=\"alignleft size-large wp-image-5279\" src=\"https:\/\/www.freydis.de\/wordpress\/wp-content\/uploads\/2018\/11\/8_To\u0308rn_IV_2_IMG_0933-1024x682.jpg\" alt=\"\" width=\"640\" height=\"426\" srcset=\"https:\/\/www.freydis.de\/wordpress\/wp-content\/uploads\/2018\/11\/8_To\u0308rn_IV_2_IMG_0933-1024x682.jpg 1024w, https:\/\/www.freydis.de\/wordpress\/wp-content\/uploads\/2018\/11\/8_To\u0308rn_IV_2_IMG_0933-300x200.jpg 300w, https:\/\/www.freydis.de\/wordpress\/wp-content\/uploads\/2018\/11\/8_To\u0308rn_IV_2_IMG_0933-768x512.jpg 768w, https:\/\/www.freydis.de\/wordpress\/wp-content\/uploads\/2018\/11\/8_To\u0308rn_IV_2_IMG_0933.jpg 1280w\" sizes=\"auto, (max-width: 640px) 100vw, 640px\" \/><\/a><\/p>\n<p>&nbsp;<\/p>\n<p><strong>T\u00f6rngeb\u00fchren:<\/strong><\/p>\n<p><strong>T\u00f6rn I + II je 2 Wochen \u20ac 1.990,- pro T\u00f6rn<\/strong><\/p>\n<p><strong>T\u00f6rn III + IV je 2 \u00bd Wochen \u20ac 2.490,- pro T\u00f6rn<\/strong><\/p>\n<p><strong>Bordkasse:<\/strong><\/p>\n<p>Die <strong>anteilige Bordkasse<\/strong> beinhaltet Verpflegung und Getr\u00e4nke an Bord sowie andere laufende Kosten, die diesen T\u00f6rnabschnitt betreffen, wie Treibstoff, Gas und Heizung, Hafen- und Liegegeb\u00fchren, Seekarten und Handb\u00fccher des Reviers, Wetterberatung \u00fcber Satellitentelefon, nicht jedoch Eintrittsgeb\u00fchren in Nationalparks und \u00e4hnliche Einrichtungen. Ausw\u00e4rtige Essen zahlt jeder f\u00fcr sich, das gilt auch f\u00fcr das Skipperpaar.<\/p>\n<p>Wir setzen bei 7-8 k\u00f6pfiger Crew (einschl. Skipper) an:<\/p>\n<ul>\n<li>F\u00fcr T\u00f6rn I + II aufgrund der hohen Lebenshaltungskosten in Island und den F\u00e4r\u00f6er pauschal 55,- Euro pro Tag und Teilnehmer.<\/li>\n<li>F\u00fcr T\u00f6rn III + IV sind dies 45,- Euro pro Tag und Teilnehmer.<\/li>\n<\/ul>\n<p><em>Bez\u00fcglich der Flugpreise haben wir uns sehr genau informiert: Sie sind \u00fcberraschend g\u00fcnstig f\u00fcr diese Reisen ans Ende der Welt. ATLASREISEN Deck 11 in Bemerhaven und Cuxhaven hat f\u00fcr die vier T\u00f6rns Fl\u00fcge und Preise recherchiert. Lasst Euch Angebote geben von Deck 11, Am L\u00e4ngengrad 12, 27568 Bremerhaven. Es betreuen uns seit vielen Jahren Herr Bernd Sekula, Frau Maria Sanchez und Frau Gesa Z\u00f6llmann. Mail: <a href=\"mailto:bsekula@deck11.de\">bsekula@deck11.de<\/a> oder <a href=\"mailto:info@deck11.de\">info@deck11.de<\/a>. Telefon 04721- 6982623 oder 0471-94189999. Der T\u00f6rnplan liegt ihnen vor.<\/em><\/p>\n<p><em>Anreisetag und Einchecken an Bord: jeweils am Tag vor dem eigentlichen T\u00f6rnbeginn. Abreise am letzten Tag des T\u00f6rns, nachdem das Schiff aufgeklart wurde.<\/em><\/p>\n<p><em>Vergesst nicht, eine Reiser\u00fccktrittsversicherung abzuschlie\u00dfen, die auch T\u00f6rngeb\u00fchr und Bordkasse beinhaltet.<\/em><\/p>\n","protected":false},"excerpt":{"rendered":"<p>[Diesen T\u00f6rnplan als PDF-Dokument] [Zum Blogbeitrag] &nbsp; Transatlantik in die Sonne: Von Island nach Lissabon T\u00f6rn I: An Islands K\u00fcsten:\u00a0Isafj\u00f6rdur \u2013 Reykjavik &#8211; Heimaey auf den Westm\u00e4nner-Inseln 2 Wochen von Samstag, 08. bis Freitag, 21. Juni 2019, ca. 400 sm &hellip; <a href=\"https:\/\/www.freydis.de\/wordpress\/toernplaene\/toernplan-2019\/\">Weiterlesen <span class=\"meta-nav\">&rarr;<\/span><\/a><\/p>\n","protected":false},"author":5,"featured_media":0,"parent":953,"menu_order":97,"comment_status":"closed","ping_status":"closed","template":"","meta":{"footnotes":""},"class_list":["post-5220","page","type-page","status-publish","hentry"],"jetpack_sharing_enabled":true,"_links":{"self":[{"href":"https:\/\/www.freydis.de\/wordpress\/wp-json\/wp\/v2\/pages\/5220","targetHints":{"allow":["GET"]}}],"collection":[{"href":"https:\/\/www.freydis.de\/wordpress\/wp-json\/wp\/v2\/pages"}],"about":[{"href":"https:\/\/www.freydis.de\/wordpress\/wp-json\/wp\/v2\/types\/page"}],"author":[{"embeddable":true,"href":"https:\/\/www.freydis.de\/wordpress\/wp-json\/wp\/v2\/users\/5"}],"replies":[{"embeddable":true,"href":"https:\/\/www.freydis.de\/wordpress\/wp-json\/wp\/v2\/comments?post=5220"}],"version-history":[{"count":13,"href":"https:\/\/www.freydis.de\/wordpress\/wp-json\/wp\/v2\/pages\/5220\/revisions"}],"predecessor-version":[{"id":5736,"href":"https:\/\/www.freydis.de\/wordpress\/wp-json\/wp\/v2\/pages\/5220\/revisions\/5736"}],"up":[{"embeddable":true,"href":"https:\/\/www.freydis.de\/wordpress\/wp-json\/wp\/v2\/pages\/953"}],"wp:attachment":[{"href":"https:\/\/www.freydis.de\/wordpress\/wp-json\/wp\/v2\/media?parent=5220"}],"curies":[{"name":"wp","href":"https:\/\/api.w.org\/{rel}","templated":true}]}}