{"id":7482,"date":"2022-04-25T17:46:48","date_gmt":"2022-04-25T16:46:48","guid":{"rendered":"https:\/\/www.freydis.de\/wordpress\/?page_id=7482"},"modified":"2022-04-25T17:46:51","modified_gmt":"2022-04-25T16:46:51","slug":"motivation","status":"publish","type":"page","link":"https:\/\/www.freydis.de\/wordpress\/motivation\/","title":{"rendered":"Motivation"},"content":{"rendered":"\n<p>Die Wilts unternahmen insgesamt 13 Reisen zum Kap Hoorn, segelten sechsmal ins Europ\u00e4ische Nordmeer\/Nordpolarmeer, sechsmal in die verschiedenen Teilgebiete der Antarktis und zuletzt (2005-2009) 4 Jahre in Alaska und Britisch Kolumbien. Die zur\u00fcckgelegten Seemeilen \u00fcbersteigen den Erdumfang um mehr als das dreizehnfache.<\/p>\n\n\n\n<p>Oft werden die beiden Segler gefragt, warum sie immer wieder zu gefahrvollen Reisen in die Extremgebiete aufbrechen.<\/p>\n\n\n\n<p><em><strong>Heide:<\/strong><\/em> Zugegeben, das Segeln in hohen Breiten birgt mehr Gefahren als etwa auf der sogenannten Barfussroute. Aber wir leben nun mal gern intensiv, spannend und anregend. Und deshalb nehmen wir auch ein erh\u00f6htes Quantum an Unw\u00e4gbarkeiten und &#8211; wohlkalkulierten! &#8211; Risiken in Kauf.<br>Hemingway schreibt in `Schnee am Kilimandscharo&#8216; \u00fcber das Gerippe eines Leoparden, das unterhalb des Gipfels liegt: &#8222;Niemand wei\u00df, was der Leopard in jener H\u00f6he suchte. Dieser Leopard ist Symbol unbezwingbarer Abenteuerlust, die auch heute noch die Menschen treibt.&#8220; Zum Beispiel auch uns mit dem Segelboot immer wieder in die Antarktis.<\/p>\n\n\n\n<p>Noch relativ wei\u00dfe Flecken unserer Erdkugel reizen uns halt, und wir hoffen, auf entlegenen, unzug\u00e4nglichen, weitgehend unerforschten Eilanden noch eine Urspr\u00fcnglichkeit von Landschaft und Tierleben zu finden. Dort haben wir das Staunen gelernt und eine Demut, die zufrieden und gl\u00fccklich macht. Da war die ungeb\u00e4ndigte Natur, die uns bedrohte, aber auch die gro\u00dfartige Sch\u00f6nheit, die wir genie\u00dfen durften. Schon bei den alten R\u00f6mern galt per aspera ad astra, auf rauen Wegen zu den Sternen, und unsere Sterne liegen eben eher in extremen Breiten.<\/p>\n\n\n\n<p>Ein Portrait von Erich und Heide Wilts aus dem Magazin Geo Saison <a href=\"https:\/\/www.freydis.de\/GEO_Saison_Portraet_DIE_UNENDLICHE_REISE.pdf\">kann hier herunter geladen werden<\/a>.<\/p>\n","protected":false},"excerpt":{"rendered":"<p>Die Wilts unternahmen insgesamt 13 Reisen zum Kap Hoorn, segelten sechsmal ins Europ\u00e4ische Nordmeer\/Nordpolarmeer, sechsmal in die verschiedenen Teilgebiete der Antarktis und zuletzt (2005-2009) 4 Jahre in Alaska und Britisch Kolumbien. Die zur\u00fcckgelegten Seemeilen \u00fcbersteigen den Erdumfang um mehr als &hellip; <a href=\"https:\/\/www.freydis.de\/wordpress\/motivation\/\">Weiterlesen <span class=\"meta-nav\">&rarr;<\/span><\/a><\/p>\n","protected":false},"author":7,"featured_media":0,"parent":0,"menu_order":0,"comment_status":"closed","ping_status":"closed","template":"","meta":{"footnotes":""},"class_list":["post-7482","page","type-page","status-publish","hentry"],"jetpack_sharing_enabled":true,"_links":{"self":[{"href":"https:\/\/www.freydis.de\/wordpress\/wp-json\/wp\/v2\/pages\/7482","targetHints":{"allow":["GET"]}}],"collection":[{"href":"https:\/\/www.freydis.de\/wordpress\/wp-json\/wp\/v2\/pages"}],"about":[{"href":"https:\/\/www.freydis.de\/wordpress\/wp-json\/wp\/v2\/types\/page"}],"author":[{"embeddable":true,"href":"https:\/\/www.freydis.de\/wordpress\/wp-json\/wp\/v2\/users\/7"}],"replies":[{"embeddable":true,"href":"https:\/\/www.freydis.de\/wordpress\/wp-json\/wp\/v2\/comments?post=7482"}],"version-history":[{"count":1,"href":"https:\/\/www.freydis.de\/wordpress\/wp-json\/wp\/v2\/pages\/7482\/revisions"}],"predecessor-version":[{"id":7483,"href":"https:\/\/www.freydis.de\/wordpress\/wp-json\/wp\/v2\/pages\/7482\/revisions\/7483"}],"wp:attachment":[{"href":"https:\/\/www.freydis.de\/wordpress\/wp-json\/wp\/v2\/media?parent=7482"}],"curies":[{"name":"wp","href":"https:\/\/api.w.org\/{rel}","templated":true}]}}