{"id":963,"date":"2011-09-12T21:00:47","date_gmt":"2011-09-12T20:00:47","guid":{"rendered":"https:\/\/www.freydis.de\/wordpress\/?page_id=963"},"modified":"2017-03-30T18:18:17","modified_gmt":"2017-03-30T17:18:17","slug":"toernplan-2012-und-2013","status":"publish","type":"page","link":"https:\/\/www.freydis.de\/wordpress\/toernplaene\/toernplan-2012-und-2013\/","title":{"rendered":"T\u00f6rnplan 2013 und 2012"},"content":{"rendered":"<p><a href=\"https:\/\/www.freydis.de\/bilder\/2011\/09\/Freydis-kopf2012%202013.jpg\" rel=\"lightbox\"><img decoding=\"async\" src=\"https:\/\/www.freydis.de\/bilder\/2011\/09\/Freydis-kopf2012%202013.jpg\" width=\"640\" alt=\"\" border=\"0\" \/><\/a><\/p>\n<p><big>D<\/big>er neue T\u00f6rnplan f\u00fcr die Freydis III ist ausgearbeitet und kann hier eingesehen und heruntergeladen werden.<\/p>\n<ul>\n<li><a href=\"https:\/\/www.freydis.de\/bilder\/2011\/09\/TOERNPLAN%202012%20und%202013.pdf\">T\u00f6rnpl\u00e4ne 2012 und 2013 (Freydis III)<\/a><\/li>\n<\/ul>\n","protected":false},"excerpt":{"rendered":"<p>Der neue T\u00f6rnplan f\u00fcr die Freydis III ist ausgearbeitet und kann hier eingesehen und heruntergeladen werden. T\u00f6rnpl\u00e4ne 2012 und 2013 (Freydis III)<\/p>\n","protected":false},"author":3,"featured_media":0,"parent":953,"menu_order":103,"comment_status":"closed","ping_status":"closed","template":"","meta":{"footnotes":""},"class_list":["post-963","page","type-page","status-publish","hentry"],"jetpack_sharing_enabled":true,"_links":{"self":[{"href":"https:\/\/www.freydis.de\/wordpress\/wp-json\/wp\/v2\/pages\/963","targetHints":{"allow":["GET"]}}],"collection":[{"href":"https:\/\/www.freydis.de\/wordpress\/wp-json\/wp\/v2\/pages"}],"about":[{"href":"https:\/\/www.freydis.de\/wordpress\/wp-json\/wp\/v2\/types\/page"}],"author":[{"embeddable":true,"href":"https:\/\/www.freydis.de\/wordpress\/wp-json\/wp\/v2\/users\/3"}],"replies":[{"embeddable":true,"href":"https:\/\/www.freydis.de\/wordpress\/wp-json\/wp\/v2\/comments?post=963"}],"version-history":[{"count":9,"href":"https:\/\/www.freydis.de\/wordpress\/wp-json\/wp\/v2\/pages\/963\/revisions"}],"predecessor-version":[{"id":2688,"href":"https:\/\/www.freydis.de\/wordpress\/wp-json\/wp\/v2\/pages\/963\/revisions\/2688"}],"up":[{"embeddable":true,"href":"https:\/\/www.freydis.de\/wordpress\/wp-json\/wp\/v2\/pages\/953"}],"wp:attachment":[{"href":"https:\/\/www.freydis.de\/wordpress\/wp-json\/wp\/v2\/media?parent=963"}],"curies":[{"name":"wp","href":"https:\/\/api.w.org\/{rel}","templated":true}]}}